-198. Suppose w + 30 = 3*w + 5*t, 4*w - u = -3*t. Does 25 divide w?
True
Let s(m) = 9*m + 6. Let j(i) = -26*i - 18. Let f(q) = 4*j(q) + 11*s(q). Does 14 divide f(-4)?
True
Suppose -2*l - 2*l - 5*m = 13, -3*l = -3*m - 24. Suppose 3*q = x - 17, l*x - 2*q + 7*q - 23 = 0. Let o = x + -5. Is 4 a factor of o?
False
Suppose 3*m = 2*o + 88, -2*o - 2*m + 0*m - 98 = 0. Suppose 2*a - 21 = 113. Let l = o + a. Does 10 divide l?
True
Let c(j) = j + 18. Let d be c(-13). Suppose 33 - d = 2*b. Is b a multiple of 7?
True
Does 6 divide (-9)/4*(168/(-9))/1?
True
Let a(k) = -17*k - 69. Is 36 a factor of a(-21)?
True
Let z(a) = -a**2 - 8*a + 3. Let l(d) = d**3 - 7*d**2 + d + 8. Let t be l(7). Suppose t = -2*p + k, 4*k - 7 = 5. Is z(p) a multiple of 6?
False
Let n(z) = 4*z - 2. Let d be n(2). Let x = 1 + d. Does 6 divide x?
False
Let g = -1 + 5. Suppose -158 = -g*i - 2*x, -3 = -2*x + 5*x. Does 20 divide i?
True
Let j be 84/9*6/4. Let g = j - 10. Suppose 0 = -k + 5, -g*k + 3 = -3*i + 4. Does 2 divide i?
False
Let v(u) = -4*u - 8. Let a be v(-6). Let b = a + -4. Does 12 divide b?
True
Let u(q) = 5*q**2 - 5*q - 17. Is u(-5) a multiple of 9?
False
Let j(h) = 9*h**2. Suppose 15 = -5*p - 5*g, 0 = 3*p - 0*g + 5*g + 19. Is j(p) a multiple of 14?
False
Is (-3)/((-6)/(-4))*-5 a multiple of 2?
True
Suppose -5*z = -2*a + 16, a - 2*a + 5 = -4*z. Is a a multiple of 5?
False
Let o = -27 + 54. Let s = 45 - o. Is s a multiple of 6?
True
Let u = -11 - -18. Suppose u*z - 2*z = 10. Suppose -z*c - c = -2*b - 7, 5*b = -5*c + 45. Does 5 divide c?
True
Suppose 0 = -2*n + b + 120, b + 52 = n - 6. Let y be -8*((-52)/(-8) - 2). Let z = y + n. Does 12 divide z?
False
Let j(a) = a**3 - 19*a**2 + 10*a + 1. Is j(19) a multiple of 24?
False
Let s = -15 - -1. Let m = 25 + s. Does 5 divide m?
False
Let r(y) = -9*y + 8. Does 14 divide r(-4)?
False
Let j = -10 - -9. Is 10 - ((1 - j) + -1) a multiple of 3?
True
Suppose 0 = -5*u + 11 + 4, 2*u = -3*v + 24. Suppose 0 = -v*x + 3*x. Suppose x*q = 3*q - 30. Is q a multiple of 9?
False
Does 10 divide 4 - (0 + 0 + -85)?
False
Let n = -1 + 3. Suppose 4*i + n*p = 12, 9*i - 12 = 4*i - p. Suppose -3*j = -5*b - 67, -i*j - 4*b = -6*j + 92. Is j a multiple of 12?
True
Let u(h) = h**2 + 3*h + 2. Let p be u(-4). Is 11 a factor of (14/p)/((-6)/(-108))?
False
Let d(t) = t + 2. Does 2 divide d(0)?
True
Let v(j) = -j + 72. Does 18 divide v(0)?
True
Let t = 5 + -4. Let q be (-15)/(t + 5/(-2)). Is 19 a factor of ((-108)/q)/((-3)/15)?
False
Suppose 5*u - 5*z - 380 = -0*u, -3*u + 4*z = -229. Let x = 132 - u. Is 16 a factor of x?
False
Suppose -4*v + 2*l - 8 = -56, 5*v - 60 = 4*l. Let i be (4/12)/(1/v). Suppose 0 = 4*g - 4*z - 72, 0 = -3*g - 3*z + 50 + i. Does 9 divide g?
True
Suppose -6*d = -d - 445. Is 14 a factor of d?
False
Let i be (-4)/(-6) - 804/(-9). Let n = i + -45. Does 15 divide n?
True
Is 26 a factor of 2*(-3)/2*268/(-12)?
False
Let f(r) = 3*r**2 - 26*r + 23. Does 7 divide f(10)?
True
Let m(g) = -7*g - 7. Does 15 divide m(-10)?
False
Suppose -1 - 4 = -5*c. Suppose 2*b - c = 3. Suppose -4*x + m - b*m = -26, -5*m + 10 = 0. Does 3 divide x?
True
Let l(t) = 3*t**3 + t**2 + t. Let c be l(-1). Does 23 divide -4*15/c + 3?
True
Let j(d) = -30*d**3 - 2*d**2 + 1. Let x be j(1). Let v(b) = -60*b**3 - 2*b**2 - b. Let g be v(-1). Let l = x + g. Is 14 a factor of l?
True
Let k(w) be the first derivative of 2*w**3/3 - 3*w**2/2 + w - 1. Let l be k(2). Suppose 232 = 4*f + 2*h, -l*h = -5*f - 4*h + 290. Does 16 divide f?
False
Let b(a) = -5*a + 2. Let c be b(-6). Suppose 2*k + 0*k = 0, -2*k - c = -4*f. Is 6 a factor of f?
False
Let m(x) = 3*x**3 - x**2 + x - 3. Let b(o) = -3*o**3 + 3. Let k(r) = 2*b(r) + 3*m(r). Does 17 divide k(3)?
False
Suppose 0*k - 8 = -4*k. Suppose -6*a = -k*a - 192. Is 14 a factor of a?
False
Let r(c) = -c. Let l(g) = -4*g**3 - g**2 + g + 1. Let s be l(-1). Let j be r(s). Is 8 a factor of -12*-2*(-2)/j?
True
Let q = 90 + -12. Is (-3 - q/(-15))*5 even?
False
Suppose -3*a + 33 = -27. Let f = -8 + a. Suppose 0*r = -2*r + f. Does 3 divide r?
True
Let v(k) = k**2 + 2*k - 1. Is v(4) a multiple of 12?
False
Let d be ((-33)/(-6) + -3)*2. Suppose -4*a - 36 = -d*a - 5*s, 108 = 3*a + 2*s. Is 18 a factor of a?
True
Let a = -7 - -10. Suppose 2*g - a*g + 6 = 0. Is g a multiple of 3?
True
Suppose 5*l = -0*y + 2*y - 1, -2*l - 2*y = -8. Let p be (171 + -1)*l/2. Suppose 4*u + u - 2*f = p, -4*f = 4*u - 96. Does 19 divide u?
True
Let d(z) = -3*z + z + 7 + 4*z. Let x be ((-20)/(-12))/(3/9). Does 17 divide d(x)?
True
Let n(f) = f**2 - 11*f - 7. Is n(13) a multiple of 4?
False
Suppose -5*b + 21 = -19. Let r be (-2)/(-4) - (-4)/b. Is -19*((2 - r) + -2) a multiple of 9?
False
Suppose 2*i + 0*i = 10. Let o(u) = -u**2 + 7*u - 5. Let l be o(i). Suppose -4*c - l*m - 1 = -37, 0 = -4*c - m + 20. Is c even?
True
Is 2 a factor of ((-20)/35)/(2*2/(-182))?
True
Let v(h) = -3*h - 5. Let g be v(-9). Suppose 3*x - 4*d = -2*d + g, 0 = -5*d - 10. Let s = x + 35. Does 14 divide s?
False
Suppose 0 = 3*n + 12, 0 = 2*c - 0*c - 3*n - 310. Is c a multiple of 47?
False
Suppose 7 + 11 = -2*v. Let q = 24 + v. Does 9 divide q?
False
Suppose 0*k - 111 = 3*k. Let p = k - -62. Is p a multiple of 7?
False
Suppose -3*l - 2 = -14. Suppose -y = -6*y + 20. Suppose -3*p + 37 = y*v, 3*v = l*p + v - 86. Is p a multiple of 7?
False
Let q = 72 + -41. Let z = q + 9. Is 20 a factor of z?
True
Is 72/(-120) + (-956)/(-10) a multiple of 19?
True
Let d be (-5)/(-3) + (-5)/(-15). Suppose 2 = d*j - 2. Is (8/(-10))/(j/(-85)) a multiple of 13?
False
Let p(g) = -g**3 + 8*g**2 - 7*g + 2. Let l be p(6). Let s = 2 + l. Is 9 a factor of s?
False
Let i(v) be the first derivative of 3*v**4/2 + v**3 + 3*v - 1. Let q be i(3). Suppose 4*y + 3*m = q, 9*y - 251 = 4*y - m. Is 19 a factor of y?
False
Let m = -12 - -28. Let y = m - 8. Is y a multiple of 4?
True
Suppose -4*p - 5 = 5*z - 0*z, -4*z = 4. Suppose -4*k + 4 + 32 = p. Is 5 a factor of k?
False
Suppose l - 2 = -j, -2*l = 5*j + 2*l - 13. Suppose 0 = -j*r + r + 8. Is r even?
True
Is 7 a factor of (-351)/18*(-3 - -1)?
False
Suppose 3*h - 303 = -3*d, -9*d = -5*d + 2*h - 406. Does 51 divide d?
True
Suppose -2*a + 41 = -i, -2*a + 125 = 3*a + 2*i. Let b = -14 + a. Does 4 divide b?
False
Suppose 0*u - 45 = -u. Suppose -3*a = -6*a + u. Suppose 2*y + a = l - 36, -4*l + 195 = -5*y. Is l a multiple of 21?
False
Let o(q) = 5*q. Suppose -x - x = 4, -4*z = 4*x. Does 10 divide o(z)?
True
Is (-15)/35 + 1140/14 a multiple of 27?
True
Let v be 1 - (5 - 3)/(-2). Suppose 2*s - 6*s + v*z + 46 = 0, 2*z - 38 = -3*s. Is s a multiple of 4?
True
Let n(y) = 3*y - 41. Is n(22) a multiple of 12?
False
Let f be (433 - (-2 - -1))/2. Suppose 4*k + 2*g = 51 + 119, 0 = -5*k + 2*g + f. Let s = 64 - k. Is 7 a factor of s?
True
Let q(h) = -h**3 + 10*h**2 - 10*h - 9. Is q(8) a multiple of 19?
False
Is (1 - (-26)/(-6))*528/(-55) a multiple of 16?
True
Suppose 2*r + 3*o = -22, 3*r + 22 = -4*o - 9. Let s be 62/10 + 1/r. Suppose -p = -3*p + s. Is p even?
False
Suppose -4*r + 6 + 86 = 0. Suppose -4*a + 65 + r = 0. Is a a multiple of 11?
True
Let f(h) = -h**2 - 8*h - 8. Let c be f(-6). Suppose y - 75 = 6*y - c*o, -2*y + 3 = 5*o. Does 11 divide (0 - -1)/((-1)/y)?
True
Let q(j) = -j**2 + 5*j + 3. Let s be q(4). Suppose -115 = -5*f + 5*a, -4*f + 3*a = -40 - 49. Suppose f = z - x, 5*x - 2 = -s. Is 9 a factor of z?
False
Let b = 8 + -3. Suppose -p + 1 = -b. Is p a multiple of 3?
True
Suppose -2*b + 4*b = 4. Suppose -b*c + 1 = -35. Is c a multiple of 6?
True
Let w(l) = l**3 - 6*l**2 + 6*l - 2. Let m be w(5). Suppose 4*c - 47 = 2*j + 3, 5 = m*c + 5*j. Is c a multiple of 4?
False
Suppose -7*f - 9 = -10*f. Suppose -h + 23 = -u, 0 = 2*h + f*u - 0*u - 56. Does 11 divide h?
False
Let k = -179 - -321. Is k a multiple of 14?
False
Let a(h) = h**3 + 7*h**2 + 8. Let m be a(-7). Let t be (-1 - 1) + m + -5. Let w = t - -6. Is w a multiple of 4?
False
Let d be (3/9)/((-1)/(-6)). Is 12 a factor of (d/4)/(1/68)?
False
Suppose 5*h - 2*h + 21 = 0. Let b = h - -7. Suppose -2*g = 3*f - 10, b = -g + f - 10 + 25. Does 8 divide g?
False
Suppose u + 4*u + 97 = 2*f, u + 185 = 5*f. Is 11 a factor of f?
False
Suppose 11*x + 6 = 14*x. Let q be 2/(-4)*(-14 - -2). Suppose -60 = -q*n + x*n. Does 10 divide n?
False
Let q(d) = -d**3 + d**2 - 6. Let n be q(0). Let h b